**2 + 5*u + 39. Let l be c(-8). Let h(o) be the second derivative of 0*o**2 - 3*o + 0 + 5/6*o**3. What is h(l)?
-5
Let z be 18/(864/(-20)) + 9/12. Let v(y) be the first derivative of -7/2*y**2 + 29 - 4*y + z*y**3. Give v(6).
-10
Let o(y) = y**2 - 5*y + 6. Let v be o(5). Let l(i) = -3*i - 27. Let x be l(-9). Let q(k) = x*k**2 + 2*k + 3*k**2 - 2*k**2 - 8*k. Calculate q(v).
0
Let p(w) = -21*w + 64*w - 1652368 + 1652369. What is p(1)?
44
Let u(y) = -2 + 3 + 14*y - 1 + 9. Let q(i) = -5*i - 3. Let s(n) = 17*q(n) + 6*u(n). Give s(6).
-3
Let g(o) = -14 + 103*o - 10 + 8 - 100*o. Determine g(8).
8
Let f(r) = 4*r**2 + 2*r - 3. Let o = 130 + -129. Let y be f(o). Let z(k) = 3*k + 3. Calculate z(y).
12
Let i(r) = 18 + 4 + 24 - 5 - 9*r. Determine i(8).
-31
Let h(p) = 6*p**3 - p**2 - p + 1. Suppose -2 = -3*y + 2*u - 9, 3*u = -2*y + 17. Suppose y = -x + 2. What is h(x)?
5
Let r = 484 - 477. Let p be r - (16 - 1) - -2. Let v(j) = j**3 + j**2 + 1. Let l(w) = 4*w**3 + 10*w**2 + 7*w. Let o(q) = -l(q) + 3*v(q). Determine o(p).
9
Let i(s) = 4 - 40*s - 49*s - 43*s + 130*s. What is i(3)?
-2
Let p(m) = -55*m - 104. Let z be p(-2). Let h(v) = v**2 + 6*v - 2. Give h(z).
70
Let h(y) be the second derivative of -y**5/20 - 2*y**4/3 + y**3/6 - 15*y**2/2 + 1186*y. Give h(-7).
-71
Let q(p) = -p**2 + 6*p + 8. Let r(s) = 4*s**2 - 17*s - 22. Let x(f) = f + 42. Let o be x(-34). Let c(h) = o*q(h) + 3*r(h). Determine c(-1).
5
Suppose -9 + 7 = -m. Let q(n) = -2*n + m*n**2 + 7 - 13 - n**2 - 2*n. Let o be (18/21)/((-3)/(-21)). Calculate q(o).
6
Let o(a) be the first derivative of -5*a**4/24 + a**3/3 + 173*a**2/2 - a + 12. Let f(g) be the second derivative of o(g). Give f(3).
-13
Let x(m) = m**3 + 12*m**2 - 25*m - 60. Let d be x(3). Let u(s) = -5*s**2 + 5*s - 6. Let z(f) = 4*f**2 - 4*f + 6. Let p(w) = 5*u(w) + 6*z(w). Calculate p(d).
6
Suppose 0 = 15*v - 31 + 1. Let y(z) = 14*z - 3 - 11*z + 0*z**2 - z**2 + 2*z**v. Give y(-7).
25
Let y = 38 + 18. Suppose 336 = -77*l + y*l. Let f(p) = -p**3 - 16*p**2 - 6. Calculate f(l).
-6
Let l(r) = -r**2 + 22*r - 45. Let a be l(18). Suppose -a - 51 = -13*t. Let z(h) = -h**3 + 6*h**2 - 3*h + 7. Give z(t).
-11
Let k(m) = -2*m + 7. Let g = 570 - 545. Suppose g*j = 26*j - 4. Give k(j).
-1
Let l(q) = -6*q**3 - 3*q - 383 + 5*q**3 + 232 + 19*q**2 + 191. Determine l(19).
-17
Let x(l) = -l**2 - 10*l - 12. Let p(i) = -2*i + 6. Let m be p(-7). Let n(a) = a - 2. Let h be n(m). Suppose h*z - 12*z + 54 = 0. Give x(z).
-3
Let y(l) = 11*l + 3. Let j(f) = 53*f + 13. Let b(x) = 4*j(x) - 19*y(x). Give b(4).
7
Let i(x) = -x - 27. Let t be (-27*10/180)/((-110)/116 - -1). Give i(t).
2
Let n(r) = 5*r**2 + 3*r - 2. Let u(c) = -27*c - 84. Let w be u(-3). What is n(w)?
34
Let a = 56 - 458. Let w = 399 + a. Let c(f) = -8*f - 3. Let k(t) = 12*t + 4. Let b(o) = 7*c(o) + 5*k(o). Give b(w).
-13
Let q(o) be the third derivative of -o**4/8 - o**3/3 + 5*o**2. Suppose -60 = 14*m - 4*m. What is q(m)?
16
Let l(g) = -4*g - 52. Let z(s) = -2*s**2 + 129*s - 201. Let o be z(63). Calculate l(o).
-4
Let t(c) = c**2 + 2*c - 6. Let f be t(2). Let s(g) = -7*g**2 + 7*g + 2. Let q be s(f). Let h(i) = -i**2 - 12*i + 2. Give h(q).
2
Let k(y) = -2*y - 17. Let c be k(-6). Let o be 2/5 - (-54)/15. Let g(d) = 41*d + o + 2*d**2 - 4*d**2 - 26*d - 21*d. Determine g(c).
-16
Let m(x) = 8*x + 37. Let n be m(15). Let o(t) = -8*t - 2*t - n*t**2 + 152*t**2 - 2. Let g(j) = -3*j**2 - 5*j - 1. Let i(w) = 7*g(w) - 4*o(w). Determine i(5).
1
Suppose 3*l + 1 = -2, 0 = 4*u - 5*l - 29. Suppose 3*t - u = -3*f, -3*f - f - 20 = 0. Let x(d) = d**2 - 5*d - 7. Give x(t).
7
Let v(j) be the first derivative of -30 - 1/2*j**2 + 0*j. What is v(3)?
-3
Let o(d) = 114*d**2 + 71*d + 3. Let p(j) = 208*j**2 + 139*j + 6. Let u(k) = 11*o(k) - 6*p(k). What is u(9)?
6
Let l(m) = -4*m**2 - 11*m - 20. Let n(d) = -5*d**2 - 13*d - 20. Let o(w) = -6*l(w) + 5*n(w). What is o(-4)?
0
Let i(u) = -u**3 - u**2 + 11*u - 1. Let s = 233 + 510. Let q = s - 747. Determine i(q).
3
Suppose 11*s - 231 - 229 = -559. Let c(g) = -g**3 - 10*g**2 - 9*g - 6. Give c(s).
-6
Let m(g) = -3*g**2 + 5*g - 4. Let v(l) = l**2 + l - 1. Let x(y) = -m(y) - 4*v(y). Suppose 5*s + 322*o + 80 = 327*o, 0 = 14*s - 3*o + 147. Calculate x(s).
8
Suppose 2*u + 3 = u. Let s(y) be the third derivative of y**6/120 - y**5/30 - y**4/6 + y**2 - 52279*y. Determine s(u).
-33
Let a be 1/(-31 - 1694/(-55)). Let u(q) be the third derivative of 0*q + 2/3*q**3 - 1/8*q**4 - 2*q**2 - 1/60*q**5 + 0. Determine u(a).
-6
Let y(k) be the second derivative of 0 + 1/2*k**2 - 1/2*k**3 - 60*k. What is y(-5)?
16
Let z(f) = 16*f**2 + 31*f + 1. Let k(b) = 3*b**2 + 6*b. Let v(r) = 11*k(r) - 2*z(r). Let c = 98 + -74. Suppose c = 4*u + 40. Determine v(u).
-2
Let j(q) = -5*q + 4. Let z(d) = 90*d - 70. Let x(r) = 70*j(r) + 4*z(r). Calculate x(2).
20
Let c(j) = 17*j**2 - 710*j - 196. Let y be c(42). Let p(k) = -2*k**3 - 57*k**2 - 26*k + 53. Calculate p(y).
-3
Let o(f) be the first derivative of 4*f**2 - 65*f - 1461. Give o(9).
7
Let v(t) = -1 + t**3 - 6*t - t**2 + 2 + 0*t. Let l = -49723 - -49727. Give v(l).
25
Let r(n) = 155 + 14267*n + 14268*n - 28544*n. Determine r(17).
2
Let y(v) = -10*v**3 + 5*v**2 + 5. Let x(j) = 11*j**3 - 6*j**2 - 6. Let k(f) = 5*x(f) + 6*y(f). Let c = 1357 - 1355. Calculate k(c).
-40
Let j be 36/(-63) + -4*(-131)/672. Let o(m) be the third derivative of -j*m**4 + 0 + 0*m + 1/60*m**5 + 1/6*m**3 - 2*m**2. Give o(6).
7
Let v be (6/(-12))/((-3)/36). Let q(f) = -v*f - 8*f**2 + 0*f + 6*f + 1. Suppose -97*d + 12 = -85*d. Determine q(d).
-7
Suppose 5*q - 6 - 9 = 0, 3*q = 2*o - 25. Suppose 5*r + 32 = o. Let p(j) = -j - 6. What is p(r)?
-3
Suppose -13*r - 3 = -8*r - 4*l, -5*r + l = 12. Let j(s) = -s**2 - 11*s - 30. Give j(r).
-6
Let o be 1/(4/(24 - -4)). Let h = -74 + 76. Let i(x) = o*x + 3 + 768*x**2 - 769*x**h - 5. Determine i(3).
10
Let g(c) = -c**2 - 3*c - 2. Suppose -p - 4*t + 60 = 14, 2*t = -4*p + 254. Let y = -62 + p. Suppose f - 2*d - 14 = -7*d, -2*f + y*d - 28 = 0. Give g(f).
-20
Let i(n) = -3*n + 1. Let q(s) = 16*s + 96. Let f(t) = t + 1. Let g(j) = 3*f(j) - q(j). Let v be g(-7). What is i(v)?
7
Let m(y) = -y**3 - 7*y**2 - 12*y - 9. Let f be m(-5). Let z(l) = -l**3 + 4 - 8 + l + 5*l**2 - f. What is z(5)?
0
Suppose -4*u + 5 = -c, u + 5 = -4*c + 3*c. Let o(q) = u*q + 610 + 607 + q**2 + 8*q - 1211. Calculate o(-6).
-6
Let q(n) = -2938*n + 1486*n - n**3 - 27 + 4*n**2 + 1469*n. Determine q(6).
3
Suppose 186 = 2*h - 2*f + 2, -f = -2*h + 181. Let c = -86 + h. Let g(v) = -1 + 12 + c - 2*v + 3*v. What is g(-12)?
2
Let s be (23/55 + 6/33)*5. Suppose -o + 3*o = s*k + 33, -3*o = 5*k - 21. Suppose -o = -8*b + 12. Let m(j) = 3*j - 2. Determine m(b).
7
Let b = 15342 + -15347. Let d(x) = x**3 + 10*x**2 + 21*x + 10. Give d(b).
30
Let v be 1/(-5)*(-21 + -14). Let i(x) = 15*x - 4 - 17*x - 1 - 12 + v. Determine i(-7).
4
Let d = 31414 - 31408. Let l(h) = -h. Let w be l(-3). Let o(q) = 2*q - q**2 + 3*q - w + 5. What is o(d)?
-4
Let p(y) = 287*y - 860*y + 285*y + 292*y + 15. Give p(0).
15
Let l(j) = -j**2 + 6*j - 1. Let m be (138/(-24) + 6)*12. Suppose -12 = -4*z, -m*f = -10*z + 11*z - 21. Calculate l(f).
-1
Suppose 5*n = -o + 4, -2*o = n - 3*n - 8. Suppose n = 2*h + 4*h - 12. Let j(v) = 24 - 15 + 0*v**2 - v**h - 6. Calculate j(-3).
-6
Let h(r) = -r**3 + r**2 - r + 1. Let s(v) = 4*v**3 - 19*v**2 + 14*v - 7. Let k be s(4). What is h(k)?
0
Let w(d) = 7*d**3 - 18*d**2 - 20*d + 17. Let s(o) = 25*o**3 - 56*o**2 - 59*o + 53. Let q(n) = 2*s(n) - 7*w(n). Calculate q(-12).
11
Let z(g) be the second derivative of g**4/4 - 28*g**3/3 + 18*g**2 - 387*g + 1. What is z(18)?
0
Let a(m) = -m**3 - 9*m**2 + 12*m + 7. Suppose -4*o + 540 = -58*o. Determine a(o).
-13
Let w(m) be the third derivative of -m**6/120 - m**5/15 - m**4/12 - m**3 + 385*m**2. Let q = -8 - -4. Calculate w(q).
2
Let f(s) be the first derivative of -s**3/3 + 4*s**2 + 21*s - 1908. Calculate f(9).
12
Let b(h) = h**3 + 27. Suppose -49*o - 28 = 33 - 61. Give b(o).
27
Suppose 15*g - 14*g - 3 = 0. Let u(a) = 2 + g + 157*a - 3 - 156*a. Let q(z) = -z + 3. Let c be q(4). What is u(c)?
1
Let u be (12/(-45))/(22/165). Let j(n) = n**3 + 2*n**2 + 3*n + 1. Give j(u).
-5
Let g(p) be the third derivative of p**2 - 2*p**3 + 3/8*p**4 + 61 + 0*p - 1/60*p**5. Give g(9).
-12
Let y = 1